be k(-8). Calculate the highest common factor of w and f.
18
Let c be ((-30)/(-7))/((-2)/(-14)). Let m = 16 + -16. Suppose -2*t - 5*s = -2*s - 30, m = -2*s + 4. What is the greatest common divisor of c and t?
6
Let w = -80 - -87. Let i = 20 + w. Let t(v) = -2*v + 44. Let g be t(4). What is the greatest common divisor of i and g?
9
Suppose -97*t + 94*t + 324 = 0. What is the greatest common factor of 1998 and t?
54
Suppose 0 = 5*k - 2267 + 1917. Calculate the greatest common divisor of 2142 and k.
14
Let w be (-2)/8 + (-1049)/(-4) + -1. Let t = 371 - w. Suppose 0 = -17*k + 22*k - t. What is the greatest common divisor of k and 66?
22
Let u be (-91)/(-78)*27 - 57/38. Let p be 18/(-4)*100/(-6). Calculate the greatest common divisor of p and u.
15
Let o(g) = g + 25. Let s be o(-24). Suppose -5*j + 86 = -4*i + 5, -2*j - 3*i = -37. Calculate the highest common divisor of s and j.
1
Suppose -5*x + 8*x = 144. Let w be 4*(364/12 + 1/(-3)). Let f = w + x. What is the highest common factor of f and 21?
21
Let q = 23 - 27. Let f be 2/(((-3)/(-18))/(q/(-16))). Let o be (4/f)/(8/324). What is the highest common factor of o and 6?
6
Let y = 847 + -2993. Let c = 3576 + y. Suppose -r = -6*r + c. Calculate the highest common factor of 26 and r.
26
Let r = 12925 + -11998. What is the greatest common divisor of r and 207?
9
Suppose 3*r = -r + 780. Let k be 1/(((-190)/(-342))/(5/3)). Let g be (-12 + k)/((-9)/39). What is the greatest common factor of g and r?
39
Suppose -59*b = -209*b + 280500. What is the highest common divisor of 33 and b?
11
Let f = -153 + 155. Let x be (6/5)/(f*(-6)/(-4600)). What is the highest common factor of x and 20?
20
Let a be 289 + 641 + 1 + -21. Calculate the greatest common factor of a and 3094.
182
Let x be 8/(128/(-72))*(-2208)/18. What is the greatest common divisor of x and 720?
24
Let z = 96 - 97. Let w be (-2 + z + 1)*-1. Suppose 4*o = w*n - 36, -n - 2*n + o = -29. Calculate the highest common divisor of n and 56.
8
Let x = 306 + -194. Suppose 2*k - z - 46 = 0, -k - 4*z - x = -6*k. Calculate the highest common divisor of 6 and k.
6
Let v = 32335 + -29770. Calculate the greatest common factor of 2160 and v.
135
Let y = -22 - -52. Suppose -w + 36 = y. Let t be -2 + 0 + (-39)/(w/(-2)). What is the greatest common factor of 55 and t?
11
Let h(p) = p**2 + 34*p + 39. Let s be h(-1). What is the greatest common factor of 294 and s?
6
Suppose -12 = -5*j - 2, -2*h + 496 = -2*j. Calculate the greatest common divisor of 2150 and h.
50
Suppose -66 = -25*t + 9. Suppose 0 = -4*x - 4*q + 552 + 220, 5*q = t*x - 571. What is the highest common divisor of x and 12?
12
Suppose 5*l + 6*l = 330. Let p be (-12)/20 - 432/l. Let a(f) = -f - 7. Let x be a(p). What is the greatest common factor of x and 72?
8
Suppose -2*n + 77469 = 158*n - 41*n. What is the highest common divisor of n and 294?
21
Suppose -127*b - 495 = -138*b. What is the highest common factor of b and 2205?
45
Suppose 2*m = 8*m - m. Suppose m = 6*v - 1701 + 1443. Let l = -248 + 377. Calculate the greatest common factor of l and v.
43
Suppose 0 = -64*d + 68*d - 124. Let k be (2 + 1)*(-22)/(-33). Suppose k*f = d - 1. What is the greatest common factor of f and 3?
3
Suppose 2 = f - 0*f. Let h(x) = -103*x - 103. Let s be h(-10). Suppose f*c - 4*j + 5*j = s, 0 = 3*c + j - 1389. What is the highest common divisor of 42 and c?
42
Let b(z) = 3*z**2 + 8*z. Let n be b(-3). Suppose n*w = 8*w - 60. Calculate the highest common factor of w and 27.
3
Let o(h) = -2*h**3 + 2*h**2 - 3*h + 3. Let x be o(-2). Let g be x - (-2)/(-4)*6. What is the highest common divisor of 70 and g?
10
Suppose 0 = -j - 28*b + 24*b + 31, -5*j = 2*b - 101. What is the greatest common divisor of 4997 and j?
19
Suppose -21 + 299 = 31*n - 94. What is the highest common factor of 52 and n?
4
Let s = 8825 + -8297. What is the greatest common factor of 330 and s?
66
Suppose -1832 - 3163 = -37*x. What is the highest common divisor of x and 30?
15
Suppose 5*z - 1369 = -p, -2*z = -p + 399 + 998. What is the highest common divisor of p and 3?
3
Suppose 3*q + 377 = -5*m - 147, 2*m = -4*q - 694. Let v = -139 - q. What is the highest common factor of v and 306?
34
Let u be 2/(-2) + 4200 + 12*14/(-28). What is the highest common factor of u and 14?
7
Let n be (-824)/(-48) - (-6)/(-36). Suppose z - b - n = 0, -z + 1 = -3*b - 18. What is the highest common factor of z and 256?
16
Let b be 6/(-2) - -2 - -28. Suppose 2*f = -5*j + 144, 4*f - 24*j = -21*j + 288. What is the highest common factor of f and b?
9
Let c = 106 + -15. Let l = 62 - 49. Calculate the greatest common divisor of c and l.
13
Suppose 28*d - 976 - 1573 = -701. Calculate the greatest common divisor of d and 11022.
66
Suppose 102*k - 1093 = 539. Let d be (96/20)/(6/940). What is the greatest common divisor of k and d?
16
Suppose 462*v + 553*v - 550800 = 250*v. Calculate the greatest common divisor of 765 and v.
45
Let c be (-92)/276*23*-6. What is the greatest common divisor of c and 1058?
46
Let s(m) = 6*m**2 + 2*m - 2. Let l be s(-4). Suppose -5*c - 16 = -l. Let x = -6 + c. Calculate the highest common factor of 56 and x.
8
Let x = -21201 - -23871. Calculate the greatest common factor of 90 and x.
30
Let f be (1 - 12) + 10556/116. What is the greatest common divisor of 10 and f?
10
Suppose 0 = 34*u - 6*u - 213 - 291. Calculate the highest common factor of u and 699.
3
Suppose 7*y = 4892 - 3891. What is the highest common divisor of y and 715?
143
Suppose 5*a - 5*s - 1980 + 130 = 0, 2*s + 12 = 0. Calculate the greatest common factor of a and 1404.
52
Let x(i) = -i**2 - 11*i + 8. Let r be x(-11). Let b be (r - 33/6)*(-8)/10. Let g be (-4)/10 + b*335/(-50). What is the greatest common divisor of 13 and g?
13
Let d(h) = -2*h**2 + 24*h + 4. Let u be d(12). Suppose 0 = -u*y + 3*n + 23, -3*y = -4*n - 14 - 12. What is the greatest common factor of y and 32?
2
Let h be (590/30 + -10)*21. Calculate the highest common divisor of h and 1566.
29
Suppose 0 = -h + 4*k + 14341, 0 = 4*h - 13*k + 8*k - 57342. Calculate the highest common factor of 55 and h.
11
Let z(a) = 9*a - 120. Suppose 0 = d + w - 18, 3*d - w - 6 = 48. Let y be z(d). What is the greatest common factor of y and 42?
42
Let h be (-96)/8*(-506)/3. Calculate the greatest common factor of 264 and h.
88
Let z be (-5292)/(-270) + (-4)/(-10). Let r = 22 + z. Calculate the greatest common factor of r and 189.
21
Let r(k) = 2*k**2 - 15*k - 27. Let q(n) = n**2 - 8*n - 13. Let v(l) = -5*q(l) + 3*r(l). Let z be v(8). What is the highest common factor of 136 and z?
8
Let r(a) = a**2 - 15*a + 12. Let h be r(14). Let j be 0*4*h/(-8). Suppose -6*i + 240 + 552 = j. Calculate the highest common divisor of i and 88.
44
Suppose 4*x = -5*o + 9516, -11*x + 11895 = -6*x + 4*o. Calculate the greatest common divisor of x and 273.
39
Let n(a) = -a**3 + 11*a**2 - 8*a - 5. Let d = 43 + -49. Let f be (-2 - (-6)/8)/(d/48). Let u be n(f). Calculate the greatest common factor of u and 15.
15
Suppose 0 = -16*h + 831 + 1253 + 76. What is the highest common factor of 350 and h?
5
Let x be 279/651 + 36/14. Calculate the highest common divisor of x and 123.
3
Let k be (10 - -71)*(22 - -7). What is the highest common divisor of 58 and k?
29
Let i = 64 - 60. Let z be -109 - (-3)/i*-4. Let y = z + 264. What is the highest common factor of y and 19?
19
Suppose -4*j + 1324 = 2*p, -p + 5*j + 163 = -471. Calculate the greatest common divisor of 1199 and p.
109
Let f(g) = 2*g**2 + 29*g + 23. Let n be f(22). Calculate the greatest common divisor of 63 and n.
9
Suppose -2*p + 103 = -21. Suppose 3*h = -5*a - 14 + 258, 2*a + 5*h - 90 = 0. Let u = p - a. What is the highest common divisor of u and 6?
6
Let a(d) = d**2 + d - 3. Let p be a(3). Let g(t) = -t**2 - t + 132. Let h be g(0). Suppose 0 = p*r - 11*r + h. What is the greatest common factor of r and 44?
22
Let r = -16176 - -17571. Calculate the greatest common divisor of 585 and r.
45
Suppose -7*z + 12*z - 1526 = p, -1532 = -5*z + 2*p. What is the highest common factor of z and 342?
38
Suppose 5*f - 89 = 126. Suppose 4*s - f = 21. Let m = 153 - 149. Calculate the highest common divisor of s and m.
4
Suppose -4*s + 7 = -9. Suppose -1460 = -s*k - 4*h, -8*h + 1795 = 5*k - 9*h. Calculate the highest common divisor o